{"id":538,"date":"2020-11-28T19:18:07","date_gmt":"2020-11-28T18:18:07","guid":{"rendered":"https:\/\/www.petterssonblog.de\/?page_id=538"},"modified":"2020-11-28T19:21:06","modified_gmt":"2020-11-28T18:21:06","slug":"ueber-das-blog","status":"publish","type":"page","link":"https:\/\/www.petterssonblog.de\/?page_id=538","title":{"rendered":"\u00dcber das Blog"},"content":{"rendered":"\n<p>Dieses Blog ist dem schwedischen Komponisten Allan Pettersson (1911-1980) gewidmet und wird von der <a href=\"https:\/\/www.allanpettersson.de\/de\/\">Internationalen Allan Pettersson Gesellschaft e. V.<\/a> betrieben. <\/p>\n\n\n\n<p>Urspr\u00fcnglich rund um die Aktivit\u00e4ten zum 100. Geburtstag des Komponisten eingerichtet, vermittelt diese Seite Konzertinformationen, enth\u00e4lt Artikel und Features und macht auf Neuerscheinungen und aktuelle Entwicklungen der Rezeption und musikwissenschaftlichen Forschung aufmerksam.<\/p>\n","protected":false},"excerpt":{"rendered":"<p>Dieses Blog ist dem schwedischen Komponisten Allan Pettersson (1911-1980) gewidmet und wird von der Internationalen Allan Pettersson Gesellschaft e. V. betrieben. Urspr\u00fcnglich rund um die Aktivit\u00e4ten zum 100. Geburtstag des Komponisten eingerichtet, vermittelt diese Seite Konzertinformationen, enth\u00e4lt Artikel und Features und macht auf Neuerscheinungen und aktuelle Entwicklungen der Rezeption und musikwissenschaftlichen Forschung aufmerksam.<\/p>\n","protected":false},"author":1,"featured_media":0,"parent":0,"menu_order":0,"comment_status":"closed","ping_status":"closed","template":"","meta":[],"_links":{"self":[{"href":"https:\/\/www.petterssonblog.de\/index.php?rest_route=\/wp\/v2\/pages\/538"}],"collection":[{"href":"https:\/\/www.petterssonblog.de\/index.php?rest_route=\/wp\/v2\/pages"}],"about":[{"href":"https:\/\/www.petterssonblog.de\/index.php?rest_route=\/wp\/v2\/types\/page"}],"author":[{"embeddable":true,"href":"https:\/\/www.petterssonblog.de\/index.php?rest_route=\/wp\/v2\/users\/1"}],"replies":[{"embeddable":true,"href":"https:\/\/www.petterssonblog.de\/index.php?rest_route=%2Fwp%2Fv2%2Fcomments&post=538"}],"version-history":[{"count":2,"href":"https:\/\/www.petterssonblog.de\/index.php?rest_route=\/wp\/v2\/pages\/538\/revisions"}],"predecessor-version":[{"id":543,"href":"https:\/\/www.petterssonblog.de\/index.php?rest_route=\/wp\/v2\/pages\/538\/revisions\/543"}],"wp:attachment":[{"href":"https:\/\/www.petterssonblog.de\/index.php?rest_route=%2Fwp%2Fv2%2Fmedia&parent=538"}],"curies":[{"name":"wp","href":"https:\/\/api.w.org\/{rel}","templated":true}]}}